 10. What is the remainder when l is divided by u?
4
Suppose 0 = a - 5 + 3. Suppose 6*z - a*z - 20 = 0. Calculate the remainder when 8 is divided by z.
3
Let b = 134 + 3. What is the remainder when b is divided by 36?
29
Suppose 5*r = -2*f + 33, -5*r = -5*f + 74 + 26. What is the remainder when 34 is divided by f?
15
Suppose 7*h + 192 = 10*h. Calculate the remainder when h is divided by 22.
20
Suppose -15 = 5*l, d - 3*d - l + 197 = 0. Calculate the remainder when d is divided by 21.
16
Let k be 1748/16 + (-2)/8. Suppose 3*n = -4*m + k, 2*n = -3*n - 3*m + 178. What is the remainder when n is divided by 18?
17
Let g = 12 - 8. Suppose 4*j + 2 = 2*i - 0, -4*i + 16 = -g*j. Calculate the remainder when 12 is divided by i.
5
Suppose -39 = -2*n + 7. What is the remainder when 91 is divided by n?
22
Let j(u) = -u**3 + 9*u**2 - 2*u - 6. What is the remainder when j(4) is divided by 17?
15
Suppose -52 = -0*g - 4*g. Suppose q - 5*t - 53 = 0, -1 + 0 = t. Calculate the remainder when 2/(1 + 1) + q is divided by g.
10
Suppose -158 = -3*v - 23. Let b(r) = 2*r + 4. What is the remainder when v is divided by b(6)?
13
Suppose 3*n - n = 2*r - 22, 3*n + 3*r = -39. What is the remainder when 39 is divided by 20*(n/8)/(-3)?
9
Let a = 27 + -54. Let t = a + 53. What is the remainder when t is divided by 14?
12
Suppose -3*m - 4 = -4*m. Suppose -2*j = m*j - 60. Let s = 37 + -18. What is the remainder when s is divided by j?
9
Suppose -2*m = -13 + 1. What is the remainder when 21 is divided by m?
3
Suppose -20 = -3*j + 2*a, 3*a = -2*j + a. Suppose -f + 0*f = -j. Suppose -2*i = -5 + 1. What is the remainder when f is divided by i?
0
Let l(i) = -i + 8. Calculate the remainder when 23 is divided by l(-4).
11
Suppose -2*v - 92 = -n, -n + 5*v = -33 - 56. Calculate the remainder when n is divided by 19.
18
Let x = -29 + 48. What is the remainder when 93 is divided by x?
17
Suppose 0 = i - 72 - 42. Calculate the remainder when i is divided by 29.
27
What is the remainder when 68 is divided by 18 + -1*8 + 4?
12
Let t = 97 - 29. Calculate the remainder when t is divided by 24.
20
Suppose -8*q + 475 = -213. Calculate the remainder when q is divided by 22.
20
Let l be 1 + ((-3)/3 - -4). Suppose l*m - 54 = m. What is the remainder when m is divided by 7?
4
Suppose 0 = -4*d - 0*d + 124. Let z = d - 22. Calculate the remainder when z is divided by 3.
0
Suppose -3*d = 2*s - 0*s - 3, s + 5*d + 9 = 0. Suppose a - s = -2. What is the remainder when 10 is divided by a?
2
Let s(n) = -10*n - 17. Calculate the remainder when 14 is divided by s(-2).
2
Suppose 2*n - 24 = -2*n. Calculate the remainder when 11 is divided by 7*(-1 - n/(-3)).
4
Suppose -3*x + 6 = 3*v, x - 2*v - 10 = v. Suppose -x*q + 21 = -q. What is the remainder when q is divided by (1 - (1 + -1)) + 2?
1
Let m(z) = 3*z**2 - z - 2. Let v be m(2). Let u = 28 + -14. What is the remainder when u is divided by (1*v)/(-2 - -3)?
6
Suppose 0 = 4*u - 0*u + 4*p - 84, 4*p - 103 = -5*u. Let x = 9 - -1. What is the remainder when u is divided by x?
9
Suppose 0 = 2*m - 34 - 30. Suppose 2*q = -0*q + m. Calculate the remainder when q is divided by 9.
7
Suppose a + 4 = 3*a. Suppose -a*f + 14 = -0*k + k, 3*f = -5*k + 77. What is the remainder when 29 is divided by k?
13
Let x = -27 + 40. Calculate the remainder when 63 is divided by x.
11
Let g = -1 + 17. Suppose 2*t + 2 - g = 0. What is the remainder when t is divided by 4?
3
Suppose -2*m - 8 = -0*m. Let p = 10 + m. Suppose -p*f + 25 = -f. Calculate the remainder when 14 is divided by f.
4
Suppose 2*y = 4 + 2. Suppose -y*h = 2 - 17. Suppose h*d - 49 = 1. What is the remainder when d is divided by 6?
4
Let h(y) = 15*y - 10. Let v be h(5). Let i = v + -41. Suppose -2*a + 184 = 2*a. What is the remainder when a is divided by i?
22
Let u(v) = v + 6. Let j(n) = -n**3 + 2. Let r be j(0). Suppose -2 = t - r*h, 2*t - 2*h = -3*t - 2. Calculate the remainder when 11 is divided by u(t).
5
Let p = 419 - 295. Calculate the remainder when p is divided by 14.
12
Suppose -6*n + 164 = -166. Calculate the remainder when n is divided by 19.
17
Suppose 7*y + 69 = 10*y. What is the remainder when y is divided by 13?
10
Let n = 4 - 0. What is the remainder when n/2 + (-78)/(-2) is divided by 11?
8
Let w(s) = -5*s - 3. Calculate the remainder when w(-7) is divided by (-17)/((-1)/(2 - 1)).
15
Let c be 1 - (-2 + 2 - 2). Suppose -3*v + 2*v = c*d - 4, -11 = -2*v - 5*d. Let y = 5 - -19. Calculate the remainder when y is divided by v.
11
Let t(s) = s**2 - 2*s - 8. Let x be t(6). Let v be 4/x + (-1)/4. Suppose v = -7*p + 2*p + 265. Calculate the remainder when p is divided by 18.
17
Let w be (-3)/15 + 96/5. What is the remainder when w*(-3 - -1 - -3) is divided by 7?
5
Suppose 0 = -4*g - 0*g + 12, 0 = 5*s - 2*g - 49. What is the remainder when s is divided by 7*2*22/77?
3
Let m = 75 - 29. What is the remainder when m is divided by 16?
14
What is the remainder when 104 is divided by (87/(-2))/(6*3/(-12))?
17
Suppose -2*n + 2*d + 62 = 0, -4*n + 19 = -d - 99. Calculate the remainder when 85 is divided by n.
27
Let n = 12 + -12. Suppose n = 2*l - 2 - 12. Calculate the remainder when (0 + 20 + -1)/1 is divided by l.
5
Calculate the remainder when 72 is divided by (264/72)/(-1 - (-7)/6).
6
Let x = -67 + 212. Calculate the remainder when x is divided by 21.
19
Suppose -d + 3*d - 6 = 2*a, -5 = 5*d + 5*a. Calculate the remainder when ((-21)/9 - d)*-6 is divided by 11.
9
Let k(d) = 3*d**2 + 11*d + 12. What is the remainder when k(-3) is divided by 3?
0
Let t = 79 + -49. Let s(i) = 3*i - 1. What is the remainder when t is divided by s(3)?
6
Let d be -12 + 10 - (-21)/1. Let q = d + -9. What is the remainder when q is divided by 3?
1
Suppose 3*g - 5*g = -136. Let k(n) = 5*n - 1. Let b be k(6). Let j = b - 6. Calculate the remainder when g is divided by j.
22
Let u(l) = -l - 8. Suppose -5*d - 33 = -4*q, -q = d + d - 5. Let i be u(q). Let k = 6 - i. Calculate the remainder when k is divided by 11.
10
Let a be 7/(-21) + (-5)/3. Let g(d) be the third derivative of -d**6/30 - d**5/30 - d**4/24 + d**3/6 - d**2. Calculate the remainder when g(a) is divided by 14.
13
Suppose -6*p = 2*k - 5*p - 641, 5*k + 4*p - 1604 = 0. Calculate the remainder when 2/9 + k/18 is divided by 4.
2
Suppose -3*i + 6*i - 72 = -4*z, -z - 2*i + 13 = 0. What is the remainder when z is divided by 5?
1
Suppose -68 - 32 = -5*i. Calculate the remainder when i is divided by 13.
7
Let d(n) be the third derivative of n**6/120 - n**5/12 - 5*n**4/24 - n**3/2 + 4*n**2. Let h be 1/(2*1/12). Calculate the remainder when 4 is divided by d(h).
1
Let d = 22 + -17. Calculate the remainder when 6 is divided by d.
1
Let p = 9 - 4. Suppose -p*h - 22 = -2*d, 0 = 5*h - h + 8. What is the remainder when 23 is divided by d?
5
Let h(q) = -q**3 + 5*q**2 + 3*q + 1. Calculate the remainder when h(4) is divided by 10.
9
Suppose -3*t + 6*t - 27 = 0. Calculate the remainder when 33 is divided by t.
6
Suppose -2*w + 24 = 3*z, -2*w + 38 = w + 4*z. Suppose -n = -4*n + w. Calculate the remainder when 22 is divided by n.
4
Suppose 4 = -3*w + 4*w. Let u(p) = -3*p - 3*p - p - 2*p + 1. Calculate the remainder when u(-1) is divided by w.
2
Suppose -5*l + 53 = 4*s - 6, -2*l + 4*s + 18 = 0. Calculate the remainder when l is divided by 3.
2
Suppose -4*b = -3*a + 2*a + 11, 55 = -5*a - 2*b. Let k = a + 15. Let q(s) = 3*s**2 + s - 1. What is the remainder when q(-2) is divided by k?
3
Suppose -112 = -3*a + 29. Let r(b) = 8*b**3 + 9*b**3 - 2*b**3 + b. What is the remainder when a is divided by r(1)?
15
What is the remainder when -1*(-188)/4 + (-3)/1 is divided by 23?
21
Let n(v) = v**3 + 7*v**2 + 2*v + 6. Let k be n(-7). Suppose 0 = 5*d - 38 - 42. Calculate the remainder when d is divided by 2/(-8) - 74/k.
7
Suppose -3*y - 68 = y. Suppose 3*p + 2*p = i - 15, -4*p = -5*i + 54. What is the remainder when (-5 + 2)/(3/y) is divided by i?
7
Suppose -8*n - 294 = -22*n. What is the remainder when n is divided by 4?
1
Suppose 0 = -0*o + 2*o - 20. Let t be 0 + -1 + -4 + 84. Let w = -50 + t. What is the remainder when w is divided by o?
9
Suppose -26 + 107 = -3*k. Let d = k - -39. What is the remainder when 34 is divided by d?
10
Calculate the remainder when (-4)/(-10) + 126/10 is divided by (21/(-9))/(1/(-3)).
6
Suppose 